e prime factors of (-1009050)/(-372) + (-1)/(-2)?
2713
Suppose -3*r - 17 = 2*h, 4*r = h + 5*r + 8. Let c(j) = -8*j - 11. List the prime factors of c(h).
3, 5
Let p = 2253 - 1415. List the prime factors of p.
2, 419
Let g be 22/12 - (-5)/30. Let s(j) = 7*j - 3. Let i be s(g). Let k = 43 - i. List the prime factors of k.
2
Let y = 86 + 26. Let l = 176 - y. List the prime factors of l.
2
Let i(r) = r + 4. Suppose 0 = t - 1 + 16. Let d = 24 + t. List the prime factors of i(d).
13
Let t(v) = v**3 - 4*v**2 + 13*v - 36. List the prime factors of t(8).
2, 3
Let l(u) = -u**3 - 19*u**2 + 17*u - 43. Let m be l(-20). Suppose 3*b = -4*t + 168, -3*t + 109 = -4*b - m. What are the prime factors of t?
2, 3, 7
Let q(p) = -p**2 + 25*p + 55. What are the prime factors of q(23)?
101
Suppose 3*u + 2*o = 646, 5*u - 3*o = 617 + 447. Let d = u + -114. What are the prime factors of d?
2, 5
Suppose 3*u = -3*l + 6, -3*l + 6*l = -5*u. Suppose -90 = -l*f + 280. List the prime factors of f.
2, 37
Let y(z) = -z**2 - 30*z + 1. List the prime factors of y(-28).
3, 19
Let o(d) = -2*d + 4. Let b be o(3). Let m be 7 + 2*3/b. Suppose -m*k + 2*k + 44 = 0. List the prime factors of k.
2, 11
Suppose w - 26 = -w. Suppose -3*a + a + 3*n + w = 0, -3*n - 9 = 0. Suppose 28 = 2*u - a. List the prime factors of u.
3, 5
Suppose -5*t = 3*r + 11, 4*t + 7 = -r - t. Let k be r*2/(-4) - -161. Suppose k = 3*x - 0*x. List the prime factors of x.
2, 3
Let c be (-82)/(-7) + (-4)/(-14). Let u be 2/8 + 321/c. Suppose 68 + u = 5*x. What are the prime factors of x?
19
Let d(x) be the third derivative of -5*x**4/24 + 13*x**2. Suppose 3*z - q - 2 = 5*z, -3*z = 4*q - 2. List the prime factors of d(z).
2, 5
Let b(t) = 764*t + 17. List the prime factors of b(1).
11, 71
Let n = -11 + 15. Suppose v = 3*s + 14, -4*s = -2*v + 18 + n. List the prime factors of 477/27 + 2/s.
17
Let h = 3163 - 246. List the prime factors of h.
2917
Let n be 2 - (14 + (-4)/4). Let r = -12 - n. What are the prime factors of 34 + -7 + (r - -1)?
3
Let n be 0/(3 + 0 + -4). Suppose n*l = -4*l + 76. Suppose l - 211 = -3*b. List the prime factors of b.
2
Let n(p) be the third derivative of p**5/10 - p**4/8 - p**3/2 + 11*p**2. List the prime factors of n(-3).
2, 3, 5
Suppose 0 = 2*p + p - 3*u - 801, u = 3*p - 811. What are the prime factors of p?
2, 17
Suppose 0*n - 2*m = -5*n - 85, -2*m + 40 = -2*n. Let g(z) = -7*z - 31. What are the prime factors of g(n)?
2, 37
Let b(r) = 333*r**3 + 2*r**2 + 10*r - 19. What are the prime factors of b(2)?
3, 11
Let s be (-3 - -6)/((-3)/8). Let f be (-126)/s + (-8)/(-32). Suppose -d - 2*d + f = -5*q, 24 = d + 3*q. What are the prime factors of d?
2, 3
Let r(c) = 3*c**2 - 18*c + 3. Let l be r(11). Suppose -5*p + l = 4*h, -2*p = -2*h + h + 55. List the prime factors of h.
47
Suppose 106 = g + 2*d + d, 2*g - 197 = -3*d. Suppose -f + 4*z = -0*f - g, -2*z + 172 = 2*f. List the prime factors of f.
3, 29
Let v(i) be the third derivative of 0*i - 7/6*i**3 + 0 + 5*i**2 - 1/3*i**4. List the prime factors of v(-6).
41
Suppose -120*q + 124*q = 6540. List the prime factors of q.
3, 5, 109
Let y(l) = 5*l**3 - 3*l**2 + 4*l + 4. Let a be y(4). Let d = -189 + a. What are the prime factors of d?
103
Suppose 2*n = 7*n - 10. Suppose -4*x = 2*z - 28, -5 = -3*x + 4*z + 27. Suppose -2*d = -s - 10, -d + s = n*s - x. List the prime factors of d.
2, 3
Let m = -7843 + 11098. What are the prime factors of m?
3, 5, 7, 31
Suppose g = b - 741, -10*b + 8*b - 3*g + 1497 = 0. List the prime factors of b.
2, 3, 31
Let z(n) = n**2 - 14*n - 9. Let v be z(15). Let a(y) = y**3 - 6*y**2 + 4*y + 3. What are the prime factors of a(v)?
3
Suppose -6 = k - 8. Suppose -k*i - 146 = -c + i, -c + 122 = 5*i. What are the prime factors of c?
137
Let l(z) = z + 16*z**2 - 10*z**2 + 27*z**2. List the prime factors of l(-1).
2
Let k(n) = 9*n + 10. Let z(q) = -7*q - 3. Let u be z(-1). Suppose 11 = u*w - l, -36 = -4*w - l - 3*l. List the prime factors of k(w).
2, 23
Let z(p) = p**3 - 4*p**2 + 2*p + 3. Let m be z(3). Suppose 9*y - 11*y + 140 = m. What are the prime factors of y?
2, 5, 7
Let a = 32 - 30. Let q be (a - 3)/((-4)/12). Suppose 0 = 2*m - 3 - 7, m = q*u - 10. List the prime factors of u.
5
Let x(f) = -f + 29. Let n be x(0). Let h = -27 + n. List the prime factors of h.
2
Let h(v) be the first derivative of -3*v**4 - 2*v**3/3 - 3*v**2/2 - 4*v - 9. What are the prime factors of h(-2)?
2, 3, 5
Let y be 6/(-63)*9*-35. Let w be 45/y*860/6. Suppose 7*f = 2*f + w. List the prime factors of f.
43
Suppose 0 = 8*d + 3*d + 1738. Let i = d + 223. What are the prime factors of i?
5, 13
Let x = -121 - -175. Let w = 107 - x. What are the prime factors of w?
53
Let x(l) = -51*l**3 - 3*l**2 + 6*l - 2. Let g be x(1). What are the prime factors of (-12)/30 - 5/(g/1164)?
2, 29
Let a(l) = 69*l + 19. Suppose -n - 4*z + 25 = 2*n, 3*n = 4*z - 7. What are the prime factors of a(n)?
2, 113
Suppose 0 = -4*f + 179 - 3. Let b = -2 + f. List the prime factors of b.
2, 3, 7
Let u = 23 - 26. Let r be 9/3 + u + 2. Suppose 0*l + 10 = -2*l, -r*a + 4*l = -42. What are the prime factors of a?
11
What are the prime factors of ((-156688)/(-28))/(2*1)?
2, 1399
Let o = 8 - -1. Let p be (-5)/(-6)*(-3 + o). Suppose -65 = -5*r + p. What are the prime factors of r?
2, 7
What are the prime factors of ((-1082)/(-4))/(6/72*6)?
541
What are the prime factors of (((-2824)/(-10))/2)/(24/180)?
3, 353
Suppose 607 = 6*o - 131. List the prime factors of o.
3, 41
Let c(y) = y**3 + 25*y**2 + 28*y + 1. What are the prime factors of c(-23)?
5, 83
Suppose 7*r - r - 978 = 0. Suppose -y = -r + 37. Suppose -4*k + k = -y. List the prime factors of k.
2, 3, 7
Let b be 8*1/(-2) - -29. Suppose -12*z + b = -7*z. Suppose z*p = -3*l + 17 + 123, -5*l + 100 = 3*p. List the prime factors of p.
5
Suppose 3*t - 446 = -5*u, u - 3*u + 179 = t. Let d = 128 - u. What are the prime factors of d?
37
Let u = 2912 + -704. What are the prime factors of u?
2, 3, 23
Suppose -m = -24 - 16. Suppose w - 150 - m = 0. What are the prime factors of w?
2, 5, 19
Let t be -1 + 12 - (-9 + 12). Suppose -t*v - 244 = -12*v. What are the prime factors of v?
61
Let o(b) = 1228 - 1228 + 77*b. List the prime factors of o(1).
7, 11
Let f(c) = c**3 + 4*c**2 - c + 1. Let l(x) = x**2 - 8*x + 9. Let o(h) = -3*h. Let n be o(-2). Let i be l(n). What are the prime factors of f(i)?
13
Let z(t) = 2*t**2 + 32*t - 16. What are the prime factors of z(16)?
2, 3, 7
Let l be (-1 - 30/(-18))/((-2)/(-6)). Suppose 3*z = -o + 890, l*z + 3*o - 616 = 8*o. List the prime factors of z.
2, 149
List the prime factors of 3*(-1382)/30*-5.
691
Suppose -62962 = -9*u - 21157. List the prime factors of u.
5, 929
Suppose 0 = -2*m - 5 + 11. Suppose 2*b - 4*s + 308 = 7*b, m*b - 2*s - 198 = 0. List the prime factors of b.
2
List the prime factors of ((-8)/(-6))/(9/8046).
2, 149
Suppose -13*y = -15*y, -5*t + 6055 = -y. What are the prime factors of t?
7, 173
List the prime factors of (320/280)/(1/7).
2
Suppose -113 = -4*v + 3. Let a = -7 + v. List the prime factors of a.
2, 11
Suppose -1357 - 267 = -2*u. List the prime factors of u.
2, 7, 29
Suppose -9*o + k = -1413, 0*o - 628 = -4*o + 5*k. List the prime factors of o.
157
Suppose 0 = 5*z, -5*q - 38 + 8 = -2*z. Let n(m) = m**3 + 8*m**2 + 6*m - 8. List the prime factors of n(q).
2, 7
Suppose 4*i + 2*j = 5*j + 6158, 3*j = -6. List the prime factors of i.
2, 769
Let i be (0 - (-3252)/2) + (-3)/(-1). Suppose 6*y = -3*y + i. What are the prime factors of y?
181
List the prime factors of ((2 - -41)*103)/(18/18).
43, 103
Suppose -2*b = 2*b - 5*i + 4, -3*b + 3*i - 3 = 0. Let m be (b/4)/(1/(-4)). Suppose n - 8 = -m. List the prime factors of n.
7
Suppose 4*l - 2*l - 20 = 0. Suppose -73 = l*g - 583. What are the prime factors of g?
3, 17
Let w(g) = -g**3 - 7*g**2 + 13*g + 13. Let s be w(-7). Let v = s - -107. List the prime factors of v.
29
What are the prime factors of (-407970)/(-870) + 2/29?
7, 67
Let f = 673 - 477. Suppose 7*i - 3*i - f = 0. What are the prime factors of i?
7
Let w = 7 - 6. Let c(p) = 202*p**3 - p**2 + p. What are the prime factors of c(w)?
2, 101
Suppose 7*b = 9 + 19. List the prime factors of (7/((-210)/(-192)))/(b/50).
2, 5
What are the prime factors of 1697 + (-1 - -1 - (3 - 1))?
3, 5, 113
What are the prime factors of (0